 5. Let c = -3 + -2. Let b(r) = 6*r**3 - 11*r**2 + 8*r - 8. Let v(a) = c*b(a) - 8*g(a). Calculate v(1).
1
Let p(j) be the first derivative of 1/2*j**2 - 5 + 10*j. Calculate p(0).
10
Let v(u) = 6*u**3 - u**2 + u + 1. Suppose -6*x + 3*x = -6. Let k be (x + -3)/(0 - -1). Calculate v(k).
-7
Suppose -2*s - 7 = -13. Let j(i) = -i**2 + 3. What is j(s)?
-6
Let m(b) be the third derivative of b**8/6720 + b**6/720 - b**4/12 - b**2. Let f(z) be the second derivative of m(z). Give f(0).
0
Let h(b) be the first derivative of -b**4/4 - 2*b**3 - 7*b**2/2 - 2*b - 1. Let l = -86 - -81. Calculate h(l).
8
Let m(a) = 25 + 3*a**2 - 24 - 3*a**3 - a + 2*a**3 - 2*a. Give m(2).
-1
Let n(m) = m**2 + m + 2. Let s(y) be the third derivative of -y**5/60 + 5*y**4/12 - 8*y**2. Let h be s(10). Give n(h).
2
Let r = 49 - 53. Let s(b) = b**2 + 2*b - 2. What is s(r)?
6
Let d(m) = 3*m + 6. Let a(q) = -5*q - 2. Let j be a(-4). Suppose 8*g + 4*b + 33 = 3*g, -2*g - 4*b = j. Determine d(g).
-9
Let x(a) = a**2 + 2*a + 1. Let p be x(-1). Suppose -t - 3*t - 16 = p. Let l(k) = -k**2 - k + 2. What is l(t)?
-10
Let j be (-51)/(-4) + (-9)/12. Suppose j + 20 = 2*d. Let s be (d/(-12))/(2/(-9)). Let u(a) = a - 1. Give u(s).
5
Let s(a) be the first derivative of 1/2*a**2 + 5 - a. Let c(r) = -r**2 - 3*r + 5. Let g(p) = -c(p) + s(p). What is g(-5)?
-1
Suppose d + d + 2 = 0. Let f = d - -3. Let s(t) = -3*t**2 + 6*t + 9. Let m(l) = l**2 - 3*l - 4. Let z(c) = f*s(c) + 5*m(c). Calculate z(-3).
-2
Suppose -3*z + 2*k - 10 = 0, -z = -4*z + 3*k - 12. Let i(n) = 2*n**3 + 2*n**2 + 2*n + 2. Give i(z).
-10
Let r(o) = -o**2 - o - 4. Let q(f) = 2*f - f - 2*f + 2*f. Let l(z) = 3*q(z) - r(z). Calculate l(-5).
9
Let j(b) = 7*b**2 - 3*b - 4. Let s(o) = 15*o**2 - 6*o - 8. Let g(n) = -13*j(n) + 6*s(n). Calculate g(5).
-6
Let j(h) = -1 + 6 - 2 - h**2. Let y(o) = o**2 + 7*o + 10. Let m be y(-5). What is j(m)?
3
Let a(m) = -m**2 - m - 1. Let c = -56 + 55. Determine a(c).
-1
Suppose 5*k - 3*k = -2*r - 18, 0 = -r + 4*k + 1. Let g(u) = u**3 + 7*u**2 + 3*u + 9. Give g(r).
-12
Suppose 0 = -r + 4*u + 22, 5*r + 0*u - 3*u - 42 = 0. Let j be r/8 + (-15)/4. Let w(g) = g**3 + 6*g**2 + 3*g - 2. What is w(j)?
16
Let p(h) = 2*h - 16. Let c be p(11). Let g(d) = -d**2 + 6*d + 1. Give g(c).
1
Let v(w) be the first derivative of 2*w**2 - 7*w - 2. Let m(h) = -1. Let f(a) = 6*m(a) - v(a). Suppose -1 = r - 0*r. Determine f(r).
5
Let l(z) = z + 6. Let c(o) = o + 5. Let d(w) = -5*c(w) + 6*l(w). Let q be d(-8). Let s(j) = -j**3 + 3*j**2 - 2*j - 4. What is s(q)?
-10
Suppose -16 = -4*t, 2*g = 3*t - 3 + 1. Let b(o) = -o**2 - 7*o + 5. Let m(x) = -x**2 - 10*x + 7. Let p(i) = g*m(i) - 7*b(i). Determine p(1).
1
Let b(f) = 3*f - 1 + f**2 + 5 + f. Suppose -2*m - 6 - 2 = 0. Calculate b(m).
4
Let y(j) be the first derivative of j**4/6 + 3*j**2 + 3. Let a(l) be the second derivative of y(l). Calculate a(-1).
-4
Let n be 3/4 + (-5)/(-4). Let a(x) = 1 + x - 4 + 2 - 3*x**n. Determine a(1).
-3
Let o(s) be the first derivative of -s**3/3 - 5*s**2/2 - 5*s + 1. Let y(b) = -12*b - 4. Let i be y(-3). Suppose -5*h + 3*j = i, h - 3*j - 3 = -19. Give o(h).
-1
Suppose -103 + 107 = -w. Let r(l) = -1 - 2*l**2 + l**2 - 2*l - l. Give r(w).
-5
Suppose -9 = -4*l - 1. Let q(t) be the third derivative of 0 - 5/24*t**4 - 1/6*t**3 - t**l + 0*t. Determine q(1).
-6
Suppose -5*p - 5*u + 31 = -4, 2*p = -5*u + 5. Suppose 2*m - p = 4*m. Let f(g) = -g**3 - 4*g**2 + 7*g. Calculate f(m).
-10
Let a(b) = -b**2 + 10*b - 7. Let i = 18 - 9. Let k be a(i). Let g(q) = -q - k*q + 4*q + 1 + 2. Give g(-3).
0
Let y(h) = -h + 1. Suppose -7 = 2*m + 1. Let u be m/(-8)*4/(-2). Let k be (2 - -1) + u - 8. Determine y(k).
7
Let u = -36 + 40. Let v(a) = a**3 - 3*a**2 - 6*a + 5. Give v(u).
-3
Let v(u) be the second derivative of u**4/12 - 5*u**3/6 - u. Determine v(6).
6
Let b(k) = -2*k**2 - 3*k + 3. Let w(v) = -v**2 - v. Let l = 2 + -1. Let o(i) = l*b(i) - 3*w(i). Calculate o(0).
3
Let d(b) be the second derivative of -b**3/3 - 3*b**2/2 - 17*b. What is d(4)?
-11
Let c(h) be the first derivative of 0*h - 2/3*h**3 + 0*h**2 - 2. Let r be 6*2*3/(-18). Determine c(r).
-8
Let f(g) = 2*g**2 - 5*g + 3. Let t be (-2)/6 - 4/6. Let a(y) = -3*y**3 + y**2 - 1. Let r be a(t). Give f(r).
6
Let q be ((-1 - 2) + 0)*1. Suppose -x + j - 5*j = 25, 0 = x + 3*j + 20. Let h = x - q. Let i(o) = -2*o + 2. What is i(h)?
6
Let g(r) be the third derivative of 0 - 1/120*r**6 + 1/30*r**5 + 2/3*r**3 + 3*r**2 + 1/24*r**4 + 0*r. Let q be 2/(-2 - (-8)/3). Give g(q).
-2
Suppose 3*u = -0*u + 4*s + 5, 3*u = -s + 10. Let l(m) = -1. Let r(j) = -j**2 + 2*j + 8. Let h(z) = 5*l(z) + r(z). Calculate h(u).
0
Let n(h) = h**3 - 4*h**2 - 6*h. Let t = 1 + 3. Suppose s + q = t*q, 5*q = -3*s - 42. Let i = s + 14. What is n(i)?
-5
Let w(h) = -h - 1. Let p(o) = o - 2. Let a(z) = -p(z) - 4*w(z). What is a(-5)?
-9
Let k(b) = -6*b**2. Let s(m) = -m**3 + 5*m**2 + 2*m - 4. Let z be s(5). Suppose -7 = -3*y - 5*c, -z*y + 2*y - 3*c + 2 = 0. Give k(y).
-6
Let w(t) = t**3 - 8*t**2 + 9. Let y be 3/15*5 - -7. Calculate w(y).
9
Suppose -5*q = -3*m + 32, -4*m = -3*q - 8*m - 25. Let r(u) = u**3 + 8*u**2 + 4*u + 2. What is r(q)?
23
Let s be 0 + (4 - 0) + -10. Let g(x) = -3*x - 9. Calculate g(s).
9
Let i(m) = 4*m + 5. Let a = 2 - 0. Suppose 0*r + 35 = 5*o + 2*r, 0 = r. Let j(b) = -b - 2. Let h(t) = a*i(t) + o*j(t). Give h(5).
1
Let r(g) be the second derivative of -g**3/3 + 5*g**2/2 - 3*g. Determine r(5).
-5
Suppose -w - 2*w = -21. Let g(a) = -3*a**3 - 7*a**2 - 7. Let v(h) = -h**3 - 2*h**2 - 2. Let j be 1*(-2)/3*3. Let u(b) = j*g(b) + w*v(b). Determine u(0).
0
Suppose -5*k + 4*k + 1 = 0. Let r(l) = 1 + 1 - k + 5*l - l. Suppose -2*b - 4*t = -18, 2*b - 4*t + 22 = -0*b. Determine r(b).
-3
Let k(l) = -2*l + 1. Let p(u) = -u**3 + 4*u**2 + 2. Let g be p(4). Suppose -g*a = -t - 10, -3*t = -2*a - 6 + 24. What is k(a)?
-5
Let o(h) = 5*h**3 + 2*h**2 - 2*h + 1. Let g = -154 - -155. What is o(g)?
6
Let s(m) = -4*m**3 - 3*m**2 - 7*m - 1. Let i(x) = 5*x**3 + 4*x**2 + 8*x + 1. Let u(p) = p + 2. Let f be u(-8). Let z(r) = f*s(r) - 5*i(r). Give z(-2).
-3
Let z(y) = 3*y**2 - 4*y + 3. Let o(g) = -g**2 - 10*g + 4. Let t be 3 - 7*2/1. Let c be o(t). Let p = c - -9. Determine z(p).
7
Let c(k) be the second derivative of -3*k**5/20 - k**4/12 + k**2/2 + 3*k. Let z be c(-1). Let q(n) = 3 - z*n + 1 - 3. What is q(2)?
-5
Let v(c) = 2*c - 2. Let w(p) = 2*p**2 - 1 - p**2 - 3*p**2. Suppose 0 = -b - b - 2. Let s be w(b). Calculate v(s).
-8
Let c(k) be the third derivative of k**5/20 + k**4/12 - k**3/6 + 2*k**2. Give c(1).
4
Let z(j) be the third derivative of j**6/120 + j**5/15 + j**4/24 - j**2. Determine z(-3).
6
Let a(g) be the second derivative of g**4/12 + g**3/6 - 2*g**2 - 6*g. Let d = -2 - -2. Let u be d - (-1 + 0) - -2. Calculate a(u).
8
Let h(c) be the third derivative of c**4/24 + 7*c**3/6 + 7*c**2. Calculate h(-6).
1
Let h(p) be the third derivative of p**4/24 - p**3/6 + p**2. Let d be 58/(-18) - 6/(-27). Determine h(d).
-4
Let z = 5 + -1. Suppose -p - 1 = -z. Let m(n) = -8*n - 4 + 14*n - 7*n. What is m(p)?
-7
Let i(l) = -4*l - 10. Let z(b) = b + 3. Let s(c) = 3*i(c) + 10*z(c). Let x be (2/(-6))/((-1)/(-3)). Let y be (x - (-2)/2) + -2. What is s(y)?
4
Let o(x) = x - 7. Let k = 214 + -208. Calculate o(k).
-1
Let u(w) = 13*w**2 + 2*w + 1. Let t be (-2)/(16/12)*(-8)/(-12). Determine u(t).
12
Let f be 1/((-15)/42)*-5. Suppose f = -5*p + 3*g - 16, -g + 20 = -5*p. Let q(s) be the second derivative of -s**4/12 - s**3/2 + s**2 - 4*s. What is q(p)?
2
Let d(u) = -u**2 + 2*u - 2. Suppose 2*m = -2*m + 8. Calculate d(m).
-2
Let a(h) = -h**3 - h - 7 - 6*h + 14 - 7*h**2 - 4. Give a(-6).
9
Suppose -k + 3*k = 0. Suppose -2*t + x + 12 + 0 = 0, 4*x + 16 = k. Let f(c) = -4*c**2 - t*c + 4*c + 0*c**3 + 1 - c**3 - c. Give f(-2).
-5
Suppose -11 = 4*h - 7. Let b(r) = 4*r**2. Calculate b(h).
4
Let f(m) = m**2 - 5*m - 15. Let u(q) = -2*q**2 + 10*q + 29. Let w(h) = -7*f(h) - 4*u(h). What is w(8)?
13
Let r be (0/((-9)/(-9)))/(1*-1). Let m(i) be the third derivative of r*i**3 + 0 - 1/24*i**4 + 2*i**2 + 0*i - 1/60*i**5. Give m(0).
0
Let n(z) = -z + 20. Let m be n(10). Let f(g) = g - 12. What is f(m)?
-2
Let p(u) = -u**3 - 6*u**2 + 7*u + 3. Suppose -25 = 5*z - 5. Let y(s) = s**3 + 3*s**2 - 3*s - 3. Let d be y(z). Give p